 factors of 606434.
2, 303217
List the prime factors of 156307.
156307
What are the prime factors of 10908731?
10908731
List the prime factors of 513341.
513341
What are the prime factors of 3964191?
3, 7, 11, 131
List the prime factors of 3084848.
2, 13, 14831
List the prime factors of 5651596.
2, 677, 2087
What are the prime factors of 4080351?
3, 11, 61, 2027
List the prime factors of 47332.
2, 11833
What are the prime factors of 556365?
3, 5, 29, 1279
What are the prime factors of 425726?
2, 7, 47, 647
List the prime factors of 4459479.
3, 1486493
What are the prime factors of 2307910?
2, 5, 11, 20981
List the prime factors of 3395389.
131, 25919
What are the prime factors of 531709?
17, 31277
What are the prime factors of 148352?
2, 19, 61
What are the prime factors of 2136466?
2, 1068233
List the prime factors of 14293968.
2, 3, 13, 22907
What are the prime factors of 4832058?
2, 3, 7, 11, 10459
List the prime factors of 1945091.
1945091
What are the prime factors of 47300?
2, 5, 11, 43
List the prime factors of 35970631.
167, 215393
What are the prime factors of 121164?
2, 3, 23, 439
List the prime factors of 22049492.
2, 449, 12277
What are the prime factors of 8351447?
13, 642419
What are the prime factors of 4649701?
7, 664243
What are the prime factors of 795228?
2, 3, 7, 9467
What are the prime factors of 3135611?
1451, 2161
List the prime factors of 1064303.
157, 6779
List the prime factors of 2334896.
2, 145931
What are the prime factors of 2234497?
17, 131441
List the prime factors of 1340269.
7, 191467
List the prime factors of 4904993.
17, 288529
What are the prime factors of 60423?
3, 11, 1831
List the prime factors of 294564.
2, 3, 24547
What are the prime factors of 6699627?
3, 11, 31, 37, 59
List the prime factors of 1660466.
2, 830233
What are the prime factors of 10631953?
17, 625409
List the prime factors of 605395.
5, 7, 353
What are the prime factors of 1949098?
2, 101, 9649
What are the prime factors of 2391119?
2391119
List the prime factors of 543684.
2, 3, 45307
List the prime factors of 42524361.
3, 11, 17, 2297
What are the prime factors of 378807?
3, 11, 13, 883
List the prime factors of 124772.
2, 31193
What are the prime factors of 145656?
2, 3, 7, 17
What are the prime factors of 7468278?
2, 3, 1244713
List the prime factors of 469920.
2, 3, 5, 11, 89
What are the prime factors of 214822?
2, 37, 2903
What are the prime factors of 699775?
5, 23, 1217
List the prime factors of 81427.
107, 761
List the prime factors of 6236580.
2, 3, 5, 7, 31, 479
List the prime factors of 38376955.
5, 37, 207443
List the prime factors of 62106.
2, 3, 11, 941
What are the prime factors of 214495?
5, 42899
What are the prime factors of 2469970?
2, 5, 23, 10739
List the prime factors of 2318144.
2, 29, 1249
List the prime factors of 1967424.
2, 3, 10247
List the prime factors of 763204.
2, 13, 1129
List the prime factors of 92670.
2, 3, 5, 3089
What are the prime factors of 1399470?
2, 3, 5, 46649
List the prime factors of 318419.
318419
List the prime factors of 18213326.
2, 107, 85109
What are the prime factors of 1120091?
7, 22859
List the prime factors of 12476730.
2, 3, 5, 7, 19, 53, 59
List the prime factors of 26033952.
2, 3, 7, 19, 2039
List the prime factors of 285670.
2, 5, 7, 11, 53
List the prime factors of 7925652.
2, 3, 7, 4493
What are the prime factors of 66537?
3, 7393
List the prime factors of 3384154.
2, 337, 5021
List the prime factors of 1620708.
2, 3, 135059
List the prime factors of 339737.
181, 1877
What are the prime factors of 766480?
2, 5, 11, 13, 67
What are the prime factors of 4234508?
2, 1058627
What are the prime factors of 13676552?
2, 1193, 1433
What are the prime factors of 644843?
644843
What are the prime factors of 10402818?
2, 3, 43, 61, 661
List the prime factors of 1220506.
2, 7, 87179
List the prime factors of 4166774.
2, 2083387
List the prime factors of 9804312.
2, 3, 7, 397
What are the prime factors of 40162793?
11, 439, 8317
List the prime factors of 1299097.
1299097
What are the prime factors of 347938?
2, 173969
What are the prime factors of 8980170?
2, 3, 5, 127, 2357
List the prime factors of 1253827.
109, 11503
List the prime factors of 750328.
2, 71, 1321
What are the prime factors of 5484501?
3, 11, 55399
List the prime factors of 1314721.
37, 35533
What are the prime factors of 180784?
2, 11299
List the prime factors of 6169558.
2, 31, 151, 659
What are the prime factors of 6052337?
6052337
List the prime factors of 1743985.
5, 569, 613
What are the prime factors of 6295166?
2, 199, 15817
What are the prime factors of 330756?
2, 3, 43, 641
List the prime factors of 75346.
2, 101, 373
List the prime factors of 7776561.
3, 13, 199399
What are the prime factors of 4995205?
5, 71, 14071
What are the prime factors of 18902560?
2, 5, 31, 37, 103
What are the prime factors of 1017724?
2, 43, 61, 97
List the prime factors of 19933389.
3, 7, 316403
What are the prime factors of 5773402?
2, 193, 14957
List the prime factors of 2255368.
2, 281921
What are the prime factors of 1092696?
2, 3, 11, 4139
List the prime factors of 1620684.
2, 3, 13, 3463
What are the prime factors of 312527?
312527
List the prime factors of 3958987.
89, 44483
List the prime factors of 1733336.
2, 11, 19697
List the prime factors of 410376.
2, 3, 17099
List the prime factors of 346853.
13, 26681
List the prime factors of 2961063.
3, 7, 15667
What are the prime factors of 418403?
71, 83
List the prime factors of 905064.
2, 3, 43, 877
List the prime factors of 579754.
2, 7, 41411
What are the prime factors of 23666884?
2, 5916721
List the prime factors of 2771254.
2, 67, 20681
List the prime factors of 267484.
2, 7, 41, 233
What are the prime factors of 4162005?
3, 5, 92489
What are the prime factors of 11281947?
3, 367, 10247
List the prime factors of 4065647.
859, 4733
List the prime factors of 1581024.
2, 3, 43, 383
List the prime factors of 589688.
2, 11, 6701
List the prime factors of 598295.
5, 119659
List the prime factors of 1181232.
2, 3, 13, 631
List the prime factors of 9946722.
2, 3, 31, 53, 1009
What are the prime factors of 454728?
2, 3, 18947
What are the prime factors of 10600823?
1487, 7129
List the prime factors of 4772557.
4772557
What are the prime factors of 9869?
71, 139
List the prime factors of 2319298.
2, 1159649
What are the prime factors of 270335?
5, 13, 4159
What are the prime factors of 1315915?
5, 263183
List the prime factors of 10337194.
2, 7, 157, 4703
What are the prime factors of 3040037?
7, 11, 13, 3037
List the prime factors of 608369.
608369
What are the prime factors of 65371?
65371
List the prime factors of 281743.
7, 11, 3659
What are the prime factors of 145688?
2, 18211
List the prime factors of 36045652.
2, 661, 13633
List the prime factors of 866382.
2, 3, 11, 13127
What are the prime factors of 12620723?
67, 188369
List the prime factors of 2071979.
7, 13, 22769
What are the prime factors of 16724077?
863, 19379
What are the prime factors of 259747?
109, 2383
What are the prime factors of 27189?
3, 19, 53
What are the prime factors of 129557?
17, 7621
List the prime factors of 47591.
47591
List the prime factors of 2586945.
3, 5, 19, 29, 313
What are the prime factors of 1488241?
1488241
List the prime factors of 796983.
3, 11, 24151
List the prime factors of 44285.
5, 17, 521
What are the prime factors of 9919756?
2, 7, 11, 43, 107
What are the prime factors of 3278023?
7, 468289
What are the prime factors of 76052?
2, 19013
List the prime factors of 2367547.
7, 13, 26017
What are the prime factors of 395574?
2, 3, 65929
List the prime factors of 12015423.
3, 7, 269, 709
What are the prime factors of 1107613?
13, 85201
List the prime factors of 1771280.
2, 5, 7, 3163
What are the prime factors of 329624?
2, 41203
What are the prime factors of 893937?
3, 11, 103, 263
List the prime factors of 29004085.
5, 11, 527347
What are the prime factors of 148501?
148501
List the prime factors of 223826.
2, 111913
List the prime factors of 97688.
2, 12211
List the prime factors of 5043305.
5, 17, 59333
What are the prime factors of 555940?
2, 5, 7, 11, 19
List the prime factors of 17510966.
2, 11, 557, 1429
What are the prime factors of 2043874?
2, 7, 145991
What are the 